composite?
True
Is 3974 a prime number?
False
Is 24098 a composite number?
True
Is 4201 a composite number?
False
Is 146917 composite?
False
Is 5286551 a composite number?
False
Is 85999 a prime number?
True
Is 11047 a composite number?
False
Is 184147 a prime number?
False
Is 23531 composite?
False
Is 26547 prime?
False
Is 103409 a composite number?
False
Is 36553 a prime number?
False
Is 9263 composite?
True
Is 11233 a composite number?
True
Is 151889 a composite number?
True
Is 306709 composite?
True
Is 2374 a composite number?
True
Is 177467 a prime number?
True
Is 13577 a composite number?
False
Is 22297 a composite number?
True
Is 407149 prime?
True
Is 449039 composite?
True
Is 307451 a composite number?
False
Is 1109851 a composite number?
False
Is 901 a composite number?
True
Is 20017 composite?
True
Is 149813 prime?
False
Is 13859 a composite number?
False
Is 9763 prime?
False
Is 12047 prime?
False
Is 2459 composite?
False
Is 818143 a composite number?
False
Is 53681 a composite number?
False
Is 34421 prime?
True
Is 2001323 composite?
True
Is 17783 prime?
True
Is 8654 composite?
True
Is 4331 a composite number?
True
Is 1250371 composite?
True
Is 6899 a prime number?
True
Is 17893 a composite number?
True
Is 865 prime?
False
Is 7367 prime?
False
Is 765727 a composite number?
False
Is 53869 a prime number?
False
Is 32537 a prime number?
True
Is 136163 composite?
False
Is 94991 composite?
True
Is 10559 prime?
True
Is 11839 a composite number?
False
Is 420671 a composite number?
False
Is 5791 a prime number?
True
Is 25319 a prime number?
False
Is 748115 composite?
True
Is 346667 composite?
False
Is 1707 composite?
True
Is 497 a prime number?
False
Is 94093 a composite number?
True
Is 1315 a prime number?
False
Is 14221 composite?
False
Is 169709 a composite number?
False
Is 33713 a prime number?
True
Is 6637 prime?
True
Is 793666 a prime number?
False
Is 3770903 composite?
False
Is 293486 prime?
False
Is 226307 composite?
False
Is 535367 a prime number?
False
Is 158771 prime?
True
Is 6677 a prime number?
False
Is 13033 a composite number?
False
Is 839989 prime?
False
Is 102665 composite?
True
Is 102433 prime?
True
Is 4919 prime?
True
Is 7558 composite?
True
Is 12013 prime?
False
Is 31867 prime?
False
Is 5207 a composite number?
True
Is 1354 a prime number?
False
Is 3261 prime?
False
Is 23285 a composite number?
True
Is 114697 composite?
True
Is 20261 prime?
True
Is 374947 a composite number?
True
Is 73418 a prime number?
False
Is 39749 prime?
True
Is 9257 composite?
False
Is 3817 a prime number?
False
Is 85929 a prime number?
False
Is 3907 composite?
False
Is 260971 a composite number?
True
Is 245507 prime?
False
Is 249215 prime?
False
Is 8999 a composite number?
False
Is 70369 composite?
True
Is 6673 prime?
True
Is 1324819 prime?
True
Is 17245 a composite number?
True
Is 8191 a prime number?
True
Is 1904849 a prime number?
True
Is 1466741 a prime number?
True
Is 9803 composite?
False
Is 7507 a composite number?
False
Is 11027 prime?
True
Is 9439 composite?
False
Is 73709 composite?
False
Is 11377 a prime number?
False
Is 150355 composite?
True
Is 211199 a prime number?
True
Is 125347 a prime number?
False
Is 131891 a prime number?
True
Is 11519 a prime number?
True
Is 40211 composite?
True
Is 84793 prime?
True
Is 50441 a composite number?
False
Is 3863291 composite?
False
Is 9941 a composite number?
False
Is 143017 prime?
False
Is 2123 a composite number?
True
Is 634219 a composite number?
True
Is 2570311 a prime number?
True
Is 2883733 composite?
False
Is 634 a prime number?
False
Is 33742 a composite number?
True
Is 91229 a composite number?
False
Is 407 prime?
False
Is 5905 prime?
False
Is 102859 a composite number?
False
Is 3037 a prime number?
True
Is 35759 composite?
False
Is 417862 a prime number?
False
Is 4046011 a composite number?
False
Is 48049 composite?
False
Is 26171 a composite number?
False
Is 2788449 composite?
True
Is 444409 a composite number?
True
Is 769 a prime number?
True
Is 170047 prime?
True
Is 6866 a prime number?
False
Is 220577 composite?
True
Is 499493 a prime number?
True
Is 3377 prime?
False
Is 367069 prime?
True
Is 6193 composite?
True
Is 3589 a prime number?
False
Is 15545 a prime number?
False
Is 54753 a composite number?
True
Is 25257 a composite number?
True
Is 1609499 prime?
False
Is 16207 a prime number?
False
Is 25031 prime?
True
Is 15469 a prime number?
False
Is 47683 prime?
False
Is 497 prime?
False
Is 43619 prime?
False
Is 953 a composite number?
False
Is 853 prime?
True
Is 158699 composite?
False
Is 1036291 composite?
False
Is 3394 a prime number?
False
Is 3643 prime?
True
Is 58039 prime?
False
Is 20051 prime?
True
Is 10909 a prime number?
True
Is 1235657 a prime number?
False
Is 37043 composite?
True
Is 7897 a prime number?
False
Is 8488523 a composite number?
False
Is 1351535 a composite number?
True
Is 759277 prime?
False
Is 1754 a prime number?
False
Is 17159 composite?
False
Is 10151 a composite number?
False
Is 72113 prime?
False
Is 7219 a composite number?
False
Is 372211 a composite number?
True
Is 557263 a prime number?
False
Is 79583 a prime number?
False
Is 9489 composite?
True
Is 3401 a composite number?
True
Is 22733 a composite number?
True
Is 1039 composite?
False
Is 23969 a prime number?
False
Is 178193 composite?
True
Is 1317487 a composite number?
False
Is 72913 a composite number?
True
Is 11657 a composite number?
False
Is 839 prime?
True
Is 2411 a prime number?
True
Is 24935 a prime number?
False
Is 59803 a prime number?
False
Is 240139 prime?
True
Is 1056241 a prime number?
True
Is 11303 a composite number?
True
Is 317227 a prime number?
True
Is 621151 composite?
True
Is 658289 prime?
False
Is 8203 a prime number?
False
Is 30757 a composite number?
False
Is 1731859 a prime number?
False
Is 17767 a prime number?
False
Is 286939 prime?
False
Is 6159 a composite number?
True
Is 9901 prime?
True
Is 50021 a composite number?
False
Is 359243 a composite number?
False
Is 4357 composite?
False
Is 387763 a composite number?
False
Is 1582655 composite?
True
Is 8573 prime?
True
Is 12842 composite?
True
Is 72551 composite?
False
Is 19121 prime?
True
Is 1481 prime?
True
Is 5059 a prime number?
True
Is 458347 a composite number?
True
Is 701 composite?
False
Is 22669 composite?
False
Is 2921951 a prime number?
True
Is 2483 a composite number?
True
Is 199049 a prime number?
True
Is 24971 a prime number?
True
Is 57871 a prime number?
False
Is 256922 a composite number?
True
Is 31051 a prime number?
True
Is 3986 a prime number?
False
Is 9797 prime?
False
Is 282215 a composite number?
True
Is 539879 a composite number?
True
Is 5345 a composite number?
True
Is 299771 a composite number?
False
Is 3052513 a composite number?
False
Is 1091941 prime?
False
Is 20287 a prime number?
True
Is 115418 prime?
False
Is 13273 a prime number?
False
Is 146239 composite?
False
Is 719 composite?
False
Is 2957 composite?
False
Is 25111 a composite number?
False
Is 1807211 prime?
False
Is 3511 a prime number?
True
Is 1341811 a prime number?
False
Is 565787 a prime number?
True
Is 5897 a composite number?
False
Is 45779 composite?
False
Is 3205 a composite number?
True
Is 47041 a prime number?
True
Is 25079 a composite number?
True
Is 44519 composite?
False
Is 1115553 prime?
False
Is 83099 a composite number?
True
Is 615869 a prime number?
True
Is 60209 a prime number?
True
Is 43451 a prime number?
True
Is 28553 a composite number?
True
Is 205721 prime?
True
Is 2441453 a prime number?
False
Is 10637 composite?
True
Is 36149 prime?
False
Is 152003 prime?
True
Is 576563 prime?
False
Is 2004311 a prime number?
False
Is 27767 a prime number?
True
Is 324799 composite?
False
Is 191071 a prime number?
True
Is 2195 prime?
False
Is 3043 a prime number?
False
Is 178361 a composite number?
False
Is 10277 composite?
True
Is 147439 prime?
False
Is 1997813 a composite number?
False
Is 886273 composite?
True
Is 142403 a composite number?
False
Is 96367 composite?
True
Is 142399 a composite number?
True
Is 38783 a composite number?
False
Is 18347 prime?
False
Is 2366933 a prime number?
True
Is 115057 a composite number?
False
Is 48073 a prime number?
True
Is 36353 a prime number?
True
Is 3049 prime?
True
Is 326 a prime numbe